{"id":652,"date":"2023-06-17T15:36:14","date_gmt":"2023-06-17T18:36:14","guid":{"rendered":"http:\/\/corecon-pi.org.br\/transparencia\/?page_id=652"},"modified":"2023-06-17T15:36:38","modified_gmt":"2023-06-17T18:36:38","slug":"editais-e-resultados-2023","status":"publish","type":"page","link":"https:\/\/corecon-pi.org.br\/transparencia\/editais-e-resultados\/editais-e-resultados-2023\/","title":{"rendered":"Editais e Resultados 2023"},"content":{"rendered":"\t\t<div data-elementor-type=\"wp-page\" data-elementor-id=\"652\" class=\"elementor elementor-652\">\n\t\t\t\t\t\t<section class=\"elementor-section elementor-top-section elementor-element elementor-element-eb1bfc7 elementor-section-boxed elementor-section-height-default elementor-section-height-default\" data-id=\"eb1bfc7\" data-element_type=\"section\">\n\t\t\t\t\t\t<div class=\"elementor-container elementor-column-gap-default\">\n\t\t\t\t\t<div class=\"elementor-column elementor-col-100 elementor-top-column elementor-element elementor-element-ebb39d2\" data-id=\"ebb39d2\" data-element_type=\"column\">\n\t\t\t<div class=\"elementor-widget-wrap elementor-element-populated\">\n\t\t\t\t\t\t<div class=\"elementor-element elementor-element-2eb7a9b elementor-widget elementor-widget-text-editor\" data-id=\"2eb7a9b\" data-element_type=\"widget\" data-widget_type=\"text-editor.default\">\n\t\t\t\t<div class=\"elementor-widget-container\">\n\t\t\t\t\t\t\t\t\t<p class=\"MsoNormal\" style=\"background-image: initial; background-position: initial; background-size: initial; background-repeat: initial; background-attachment: initial; background-origin: initial; background-clip: initial;\"><strong><span style=\"font-family: Arial, sans-serif; color: rgb(51, 51, 51); border-width: 1pt; border-style: none; border-color: windowtext; padding: 0cm; background-image: initial; background-position: initial; background-size: initial; background-repeat: initial; background-attachment: initial; background-origin: initial; background-clip: initial;\">OBJETO:<\/span><\/strong><span style=\"font-family: Arial, sans-serif; color: rgb(51, 51, 51); background-image: initial; background-position: initial; background-size: initial; background-repeat: initial; background-attachment: initial; background-origin: initial; background-clip: initial;\">&nbsp;CONTRATA\u00c7\u00c3O\nDIRETA DE PESSOA F\u00cdSICA COM NOT\u00d3RIA ESPECIALIZA\u00c7\u00c3O NO RAMO DO DIREITO P\u00daBLICO<\/span><span style=\"font-family:&quot;Arial&quot;,sans-serif;color:#333333\"><br>\n<strong><span style=\"font-family: Arial, sans-serif; border-width: 1pt; border-style: none; border-color: windowtext; padding: 0cm; background-image: initial; background-position: initial; background-size: initial; background-repeat: initial; background-attachment: initial; background-origin: initial; background-clip: initial;\">MODALILDADE<\/span><\/strong><span style=\"background-image: initial; background-position: initial; background-size: initial; background-repeat: initial; background-attachment: initial; background-origin: initial; background-clip: initial;\">: INEXIBILIDADE DE LICITA\u00c7\u00c3O CONFORME LEI N\u00ba.\n8.666\/63, ART. 13 C\/C 25 (ATUALIZADA PELO DECRETO N\u00b0. 9.412\/2018), e Lei <\/span><\/span><span style=\"font-family:&quot;Arial&quot;,sans-serif;color:black;mso-color-alt:windowtext\">n\u00ba.\n14.133\/2021, Art. 2 \u2013 V (Contrata\u00e7\u00e3o Direta)<\/span><span style=\"font-family:\n&quot;Arial&quot;,sans-serif;color:#333333\"><br>\n<strong><span style=\"font-family: Arial, sans-serif; border-width: 1pt; border-style: none; border-color: windowtext; padding: 0cm; background-image: initial; background-position: initial; background-size: initial; background-repeat: initial; background-attachment: initial; background-origin: initial; background-clip: initial;\">AVISO<\/span><\/strong><span style=\"background-image: initial; background-position: initial; background-size: initial; background-repeat: initial; background-attachment: initial; background-origin: initial; background-clip: initial;\">: O CORECON- PI \u00e9 uma entidade qualificada como\nautarquia federal, e como tal, est\u00e1 sujeita \u00e0 obrigatoriedade de realizar o\ndevido procedimento licitat\u00f3rio para a aquisi\u00e7\u00e3o de bens e servi\u00e7os dos quais\nnecessitar, consoante estabelece o art. 37, XXI da CRFB e a Lei n\u00ba 8.666\/93.<\/span><br>\n<strong><span style=\"font-family: Arial, sans-serif; border-width: 1pt; border-style: none; border-color: windowtext; padding: 0cm;\">RESULTADO&nbsp;<\/span><\/strong>em\n30\/01\/2023, profissional contratada&nbsp;<\/span><b><span style=\"font-family:\n&quot;Arial&quot;,sans-serif;color:black;mso-color-alt:windowtext\">TERESA CHRISTINA\nARAUJO DA SILVA, OAB-PI n\u00b0. 19634<\/span><\/b><strong><span style=\"font-family: Arial, sans-serif; color: rgb(51, 51, 51); border-width: 1pt; border-style: none; border-color: windowtext; padding: 0cm;\"><o:p><\/o:p><\/span><\/strong><\/p><div>\n<\/div>\t\t\t\t\t\t\t\t<\/div>\n\t\t\t\t<\/div>\n\t\t\t\t\t<\/div>\n\t\t<\/div>\n\t\t\t\t\t<\/div>\n\t\t<\/section>\n\t\t\t\t<\/div>\n\t\t","protected":false},"excerpt":{"rendered":"<p>OBJETO:&nbsp;CONTRATA\u00c7\u00c3O DIRETA DE PESSOA F\u00cdSICA COM NOT\u00d3RIA ESPECIALIZA\u00c7\u00c3O NO RAMO DO DIREITO P\u00daBLICO MODALILDADE: INEXIBILIDADE DE LICITA\u00c7\u00c3O CONFORME LEI N\u00ba. 8.666\/63, ART. 13 C\/C 25 (ATUALIZADA PELO DECRETO N\u00b0. 9.412\/2018), e Lei n\u00ba. 14.133\/2021, Art. 2 \u2013 V (Contrata\u00e7\u00e3o Direta) AVISO: O CORECON- PI \u00e9 uma entidade qualificada como autarquia federal, e como tal, est\u00e1 &hellip; <a href=\"https:\/\/corecon-pi.org.br\/transparencia\/editais-e-resultados\/editais-e-resultados-2023\/\" class=\"more-link\">Continue reading <span class=\"screen-reader-text\">Editais e Resultados 2023<\/span><\/a><\/p>\n","protected":false},"author":2,"featured_media":0,"parent":297,"menu_order":0,"comment_status":"closed","ping_status":"closed","template":"","meta":{"footnotes":""},"class_list":["post-652","page","type-page","status-publish","hentry"],"_links":{"self":[{"href":"https:\/\/corecon-pi.org.br\/transparencia\/wp-json\/wp\/v2\/pages\/652","targetHints":{"allow":["GET"]}}],"collection":[{"href":"https:\/\/corecon-pi.org.br\/transparencia\/wp-json\/wp\/v2\/pages"}],"about":[{"href":"https:\/\/corecon-pi.org.br\/transparencia\/wp-json\/wp\/v2\/types\/page"}],"author":[{"embeddable":true,"href":"https:\/\/corecon-pi.org.br\/transparencia\/wp-json\/wp\/v2\/users\/2"}],"replies":[{"embeddable":true,"href":"https:\/\/corecon-pi.org.br\/transparencia\/wp-json\/wp\/v2\/comments?post=652"}],"version-history":[{"count":4,"href":"https:\/\/corecon-pi.org.br\/transparencia\/wp-json\/wp\/v2\/pages\/652\/revisions"}],"predecessor-version":[{"id":656,"href":"https:\/\/corecon-pi.org.br\/transparencia\/wp-json\/wp\/v2\/pages\/652\/revisions\/656"}],"up":[{"embeddable":true,"href":"https:\/\/corecon-pi.org.br\/transparencia\/wp-json\/wp\/v2\/pages\/297"}],"wp:attachment":[{"href":"https:\/\/corecon-pi.org.br\/transparencia\/wp-json\/wp\/v2\/media?parent=652"}],"curies":[{"name":"wp","href":"https:\/\/api.w.org\/{rel}","templated":true}]}}