{"id":60,"date":"2017-09-27T14:23:53","date_gmt":"2017-09-27T17:23:53","guid":{"rendered":"http:\/\/corecon-pi.org.br\/transparencia\/?page_id=60"},"modified":"2023-05-12T10:20:31","modified_gmt":"2023-05-12T13:20:31","slug":"relatorio-de-gestao","status":"publish","type":"page","link":"https:\/\/corecon-pi.org.br\/transparencia\/relatorio-de-gestao\/","title":{"rendered":"Relat\u00f3rio de Gest\u00e3o"},"content":{"rendered":"<h3>2022<\/h3>\n<div>Presidente: Valmir Martins Falc\u00e3o Sobrinho<br \/>\nVice-Presidente: Kilmer T\u00e1vora Teixeira<\/div>\n<\/p>\n<ul>\n<li><a href=\"\/transparencia\/wp-content\/uploads\/docs\/relatorios-gestao\/2022\/rg2022.pdf\" target=\"_blank\" rel=\"noopener noreferrer\">Relat\u00f3rio de Gest\u00e3o<\/a><\/li>\n<li><a href=\"\/transparencia\/wp-content\/uploads\/docs\/relatorios-gestao\/2022\/rr2022.pdf\" target=\"_blank\" rel=\"noopener noreferrer\">Rol de Respons\u00e1veis<\/a><\/li>\n<li><a href=\"\/transparencia\/wp-content\/uploads\/docs\/relatorios-gestao\/2022\/parecer-colegiado.pdf\" target=\"_blank\" rel=\"noopener noreferrer\">Parecer do Colegiado<\/a><\/li>\n<li><a href=\"\/transparencia\/wp-content\/uploads\/docs\/relatorios-gestao\/2022\/relatorio.pdf\" target=\"_blank\" rel=\"noopener noreferrer\">Relat\u00f3rio de Inst\u00e2ncia ou \u00c1rea de Correi\u00e7\u00e3o<\/a><\/li>\n<\/ul>\n<hr>\n<h3>2021<\/h3>\n<p>\nPresidente: Valmir Martins Falc\u00e3o Sobrinho<br \/>\nVice-Presidente: Dorgilan Rodrigues\u00a0da\u00a0Cruz\n<\/p>\n<ul>\n<li><a href=\"..\/wp-content\/uploads\/docs\/relatorios-gestao\/2021\/rg2021.pdf\" target=\"_blank\" rel=\"noopener noreferrer\"><strong>Relat\u00f3rio de Gest\u00e3o<\/strong><\/a><\/li>\n<li><a href=\"..\/wp-content\/uploads\/docs\/relatorios-gestao\/2021\/rr2021.pdf\" target=\"_blank\" rel=\"noopener noreferrer\"><strong>Rol de Respons\u00e1veis<\/strong><\/a><\/li>\n<li><a href=\"..\/wp-content\/uploads\/docs\/relatorios-gestao\/2021\/pctc2021.pdf\" target=\"_blank\" rel=\"noopener noreferrer\"><strong>Parecer do Colegiado<\/strong><\/a><\/li>\n<li><a href=\"..\/wp-content\/uploads\/docs\/relatorios-gestao\/2021\/pc2021.pdf\" target=\"_blank\" rel=\"noopener noreferrer\"><strong>Relat\u00f3rio de Inst\u00e2ncia ou \u00c1rea de Correi\u00e7\u00e3o<\/strong><\/a><\/li>\n<\/ul>\n<hr>\n<h3><a href=\"..\/wp-content\/uploads\/docs\/relatorios-gestao\/rg2020.pdf\" target=\"_blank\" rel=\"noopener noreferrer\"><strong>2020<\/strong><\/a><\/h3>\n<h3><a href=\"..\/wp-content\/uploads\/docs\/relatorios-gestao\/rg2019.pdf\" target=\"_blank\" rel=\"noopener noreferrer\"><strong>2019<\/strong><\/a><\/h3>\n<h3><a href=\"..\/wp-content\/uploads\/docs\/relatorios-gestao\/rg2018.pdf\" target=\"_blank\" rel=\"noopener noreferrer\"><strong>2018<\/strong><\/a><\/h3>\n<h3><a href=\"..\/wp-content\/uploads\/docs\/relatorios-gestao\/rg2017.pdf\" target=\"_blank\" rel=\"noopener noreferrer\"><strong>2017<\/strong><\/a><\/h3>\n<h3><a href=\"..\/wp-content\/uploads\/docs\/relatorios-gestao\/rg2016.pdf\" target=\"_blank\" rel=\"noopener noreferrer\"><strong>2016<\/strong><\/a><\/h3>\n<h3><a href=\"..\/wp-content\/uploads\/docs\/relatorios-gestao\/rg2015.pdf\" target=\"_blank\" rel=\"noopener noreferrer\"><strong>2015<\/strong><\/a><\/h3>\n<h3><a href=\"..\/wp-content\/uploads\/docs\/relatorios-gestao\/rg2014.pdf\" target=\"_blank\" rel=\"noopener noreferrer\"><strong>2014<\/strong><\/a><\/h3>\n<h3><a href=\"..\/wp-content\/uploads\/docs\/relatorios-gestao\/rg2013.pdf\" target=\"_blank\" rel=\"noopener noreferrer\"><strong>2013<\/strong><\/a><\/h3>\n","protected":false},"excerpt":{"rendered":"<p>2022 Presidente: Valmir Martins Falc\u00e3o Sobrinho Vice-Presidente: Kilmer T\u00e1vora Teixeira Relat\u00f3rio de Gest\u00e3o Rol de Respons\u00e1veis Parecer do Colegiado Relat\u00f3rio de Inst\u00e2ncia ou \u00c1rea de Correi\u00e7\u00e3o 2021 Presidente: Valmir Martins Falc\u00e3o Sobrinho Vice-Presidente: Dorgilan Rodrigues\u00a0da\u00a0Cruz Relat\u00f3rio de Gest\u00e3o Rol de Respons\u00e1veis Parecer do Colegiado Relat\u00f3rio de Inst\u00e2ncia ou \u00c1rea de Correi\u00e7\u00e3o 2020 2019 2018 2017 &hellip; <a href=\"https:\/\/corecon-pi.org.br\/transparencia\/relatorio-de-gestao\/\" class=\"more-link\">Continue reading <span class=\"screen-reader-text\">Relat\u00f3rio de Gest\u00e3o<\/span><\/a><\/p>\n","protected":false},"author":2,"featured_media":0,"parent":0,"menu_order":0,"comment_status":"closed","ping_status":"closed","template":"","meta":{"footnotes":""},"class_list":["post-60","page","type-page","status-publish","hentry"],"_links":{"self":[{"href":"https:\/\/corecon-pi.org.br\/transparencia\/wp-json\/wp\/v2\/pages\/60","targetHints":{"allow":["GET"]}}],"collection":[{"href":"https:\/\/corecon-pi.org.br\/transparencia\/wp-json\/wp\/v2\/pages"}],"about":[{"href":"https:\/\/corecon-pi.org.br\/transparencia\/wp-json\/wp\/v2\/types\/page"}],"author":[{"embeddable":true,"href":"https:\/\/corecon-pi.org.br\/transparencia\/wp-json\/wp\/v2\/users\/2"}],"replies":[{"embeddable":true,"href":"https:\/\/corecon-pi.org.br\/transparencia\/wp-json\/wp\/v2\/comments?post=60"}],"version-history":[{"count":11,"href":"https:\/\/corecon-pi.org.br\/transparencia\/wp-json\/wp\/v2\/pages\/60\/revisions"}],"predecessor-version":[{"id":617,"href":"https:\/\/corecon-pi.org.br\/transparencia\/wp-json\/wp\/v2\/pages\/60\/revisions\/617"}],"wp:attachment":[{"href":"https:\/\/corecon-pi.org.br\/transparencia\/wp-json\/wp\/v2\/media?parent=60"}],"curies":[{"name":"wp","href":"https:\/\/api.w.org\/{rel}","templated":true}]}}