{"id":564,"date":"2023-03-30T23:41:01","date_gmt":"2023-03-31T02:41:01","guid":{"rendered":"http:\/\/corecon-pi.org.br\/transparencia\/?page_id=564"},"modified":"2023-04-24T11:46:03","modified_gmt":"2023-04-24T14:46:03","slug":"prestacao-de-contas-2022","status":"publish","type":"page","link":"https:\/\/corecon-pi.org.br\/transparencia\/prestacoes-de-contas\/prestacao-de-contas-2022\/","title":{"rendered":"Presta\u00e7\u00e3o de Contas 2022"},"content":{"rendered":"<div align=\"right\"><a type=\"button\" class=\"btn btn-primary btn-lg\" href=\"prestacoes-de-contas\">Voltar<\/a><\/div>\n<ol>\n<li><a href=\"..\/..\/wp-content\/uploads\/docs\/balancetes\/2022\/bp-4t.pdf\" target=\"_blank\" rel=\"noopener noreferrer\">Balan\u00e7o Patrimonial<\/a><\/li>\n<li><a href=\"..\/..\/wp-content\/uploads\/docs\/balancetes\/2022\/bo-4t.pdf\" target=\"_blank\" rel=\"noopener noreferrer\">Balan\u00e7o Or\u00e7ament\u00e1rio<\/a><\/li>\n<li><a href=\"..\/..\/wp-content\/uploads\/docs\/balancetes\/2022\/bf-4t.pdf\" target=\"_blank\" rel=\"noopener noreferrer\">Balan\u00e7o Financeiro<\/a><\/li>\n<\/ol>\n","protected":false},"excerpt":{"rendered":"<p>Voltar Balan\u00e7o Patrimonial Balan\u00e7o Or\u00e7ament\u00e1rio Balan\u00e7o Financeiro<\/p>\n","protected":false},"author":2,"featured_media":0,"parent":236,"menu_order":0,"comment_status":"closed","ping_status":"closed","template":"","meta":{"footnotes":""},"class_list":["post-564","page","type-page","status-publish","hentry"],"_links":{"self":[{"href":"https:\/\/corecon-pi.org.br\/transparencia\/wp-json\/wp\/v2\/pages\/564","targetHints":{"allow":["GET"]}}],"collection":[{"href":"https:\/\/corecon-pi.org.br\/transparencia\/wp-json\/wp\/v2\/pages"}],"about":[{"href":"https:\/\/corecon-pi.org.br\/transparencia\/wp-json\/wp\/v2\/types\/page"}],"author":[{"embeddable":true,"href":"https:\/\/corecon-pi.org.br\/transparencia\/wp-json\/wp\/v2\/users\/2"}],"replies":[{"embeddable":true,"href":"https:\/\/corecon-pi.org.br\/transparencia\/wp-json\/wp\/v2\/comments?post=564"}],"version-history":[{"count":10,"href":"https:\/\/corecon-pi.org.br\/transparencia\/wp-json\/wp\/v2\/pages\/564\/revisions"}],"predecessor-version":[{"id":614,"href":"https:\/\/corecon-pi.org.br\/transparencia\/wp-json\/wp\/v2\/pages\/564\/revisions\/614"}],"up":[{"embeddable":true,"href":"https:\/\/corecon-pi.org.br\/transparencia\/wp-json\/wp\/v2\/pages\/236"}],"wp:attachment":[{"href":"https:\/\/corecon-pi.org.br\/transparencia\/wp-json\/wp\/v2\/media?parent=564"}],"curies":[{"name":"wp","href":"https:\/\/api.w.org\/{rel}","templated":true}]}}