{"id":442,"date":"2022-08-21T15:05:42","date_gmt":"2022-08-21T18:05:42","guid":{"rendered":"https:\/\/corecon-pi.org.br\/transparencia\/?page_id=442"},"modified":"2023-06-17T15:05:29","modified_gmt":"2023-06-17T18:05:29","slug":"passagens-e-diarias-2022","status":"publish","type":"page","link":"https:\/\/corecon-pi.org.br\/transparencia\/passagens-e-diarias-2022\/","title":{"rendered":"Passagens e Di\u00e1rias 2022"},"content":{"rendered":"<p>&nbsp;<\/p>\n<table>\n<tbody>\n<tr>\n<td width=\"115\">PROPOSTO<\/td>\n<td width=\"124\">CARGO\/FUN\u00c7\u00c3O<\/td>\n<td width=\"116\">PER\u00cdODO DA VIAGEM<\/td>\n<td width=\"133\">ORIGEM\/DESTINO<\/td>\n<td width=\"114\">N\u00b0. DE DI\u00c1RIAS<\/td>\n<td width=\"113\">VALOR TOTAL R$<\/td>\n<td width=\"116\">MOTIVO<\/td>\n<td width=\"117\">MEIO DE TRANSPORTE<\/td>\n<\/tr>\n<tr>\n<td width=\"115\">&nbsp;<\/p>\n<p>Valmir Martins Falc\u00e3o Sobrinho<\/td>\n<td width=\"124\">&nbsp;<\/p>\n<p>&nbsp;<\/p>\n<p>Presidente<\/td>\n<td width=\"116\">&nbsp;<\/p>\n<p>27 e 28\/01\/2022<\/td>\n<td width=\"133\">&nbsp;<\/p>\n<p>&nbsp;<\/p>\n<p>THE\/BSB\/THE<\/td>\n<td width=\"114\">&nbsp;<\/p>\n<p>&nbsp;<\/p>\n<p>01<\/td>\n<td width=\"113\">&nbsp;<\/p>\n<p>&nbsp;<\/p>\n<p>400,00<\/td>\n<td width=\"116\">711\u00aa Plen\u00e1ria Ordin\u00e1ria do COFECON; F\u00f3rum de Presidentes dos Corecons<\/td>\n<td width=\"117\">&nbsp;<\/p>\n<p>&nbsp;<\/p>\n<p>A\u00e9reo<\/td>\n<\/tr>\n<tr>\n<td width=\"115\">&nbsp;<\/p>\n<p>Valmir Martins Falc\u00e3o Sobrinho<\/td>\n<td width=\"124\">&nbsp;<\/p>\n<p>Presidente<\/td>\n<td width=\"116\">&nbsp;<\/p>\n<p>22 a 28\/04\/2022<\/td>\n<td width=\"133\">&nbsp;<\/p>\n<p>THE\/BSB\/THE<\/td>\n<td width=\"114\">&nbsp;<\/p>\n<p>03<\/td>\n<td width=\"113\">&nbsp;<\/p>\n<p>1.200,00<\/td>\n<td width=\"116\">&nbsp;<\/p>\n<p>XXIII marcha\u00a0 a Bras\u00edlia em Defesa do Munic\u00edpios; reuni\u00e3o no COFECON<\/td>\n<td width=\"117\">&nbsp;<\/p>\n<p>A\u00e9reo<\/td>\n<\/tr>\n<tr>\n<td width=\"115\">&nbsp;<\/p>\n<p>&nbsp;<\/p>\n<p>Osmar Gomes de Alencar Junior<\/td>\n<td width=\"124\">&nbsp;<\/p>\n<p>&nbsp;<\/p>\n<p>Economista Debatedor<\/td>\n<td width=\"116\">&nbsp;<\/p>\n<p>&nbsp;<\/p>\n<p>11\/08\/2022<\/td>\n<td width=\"133\">&nbsp;<\/p>\n<p>&nbsp;<\/p>\n<p>PHB\/THE\/PHB<\/td>\n<td width=\"114\">&nbsp;<\/p>\n<p>&nbsp;<\/p>\n<p>02<\/td>\n<td width=\"113\">&nbsp;<\/p>\n<p>&nbsp;<\/p>\n<p>500,00<\/td>\n<td width=\"116\">&nbsp;<\/p>\n<p>Participa\u00e7\u00e3o do Economista, na qualidade de debatedor, na \u201cSemana do Economista\u201d<\/td>\n<td width=\"117\">&nbsp;<\/p>\n<p>&nbsp;<\/p>\n<p>Carro<\/td>\n<\/tr>\n<tr>\n<td width=\"115\">&nbsp;<\/p>\n<p>Ad\u00e3o Firmino Leal<\/td>\n<td width=\"124\">&nbsp;<\/p>\n<p>Vice-Presidente<\/td>\n<td width=\"116\">&nbsp;<\/p>\n<p>05 a 05\/11\/2022<\/td>\n<td width=\"133\">&nbsp;<\/p>\n<p>THE\/JOAO PESSOA-PB\/THE<\/td>\n<td width=\"114\">&nbsp;<\/p>\n<p>03<\/td>\n<td width=\"113\">&nbsp;<\/p>\n<p>1.200,00<\/td>\n<td width=\"116\">&nbsp;<\/p>\n<p>XXVII SINCE<\/td>\n<td width=\"117\">&nbsp;<\/p>\n<p>A\u00e9reo<\/td>\n<\/tr>\n<\/tbody>\n<\/table>\n","protected":false},"excerpt":{"rendered":"<p>&nbsp; PROPOSTO CARGO\/FUN\u00c7\u00c3O PER\u00cdODO DA VIAGEM ORIGEM\/DESTINO N\u00b0. DE DI\u00c1RIAS VALOR TOTAL R$ MOTIVO MEIO DE TRANSPORTE &nbsp; Valmir Martins Falc\u00e3o Sobrinho &nbsp; &nbsp; Presidente &nbsp; 27 e 28\/01\/2022 &nbsp; &nbsp; THE\/BSB\/THE &nbsp; &nbsp; 01 &nbsp; &nbsp; 400,00 711\u00aa Plen\u00e1ria Ordin\u00e1ria do COFECON; F\u00f3rum de Presidentes dos Corecons &nbsp; &nbsp; A\u00e9reo &nbsp; Valmir Martins Falc\u00e3o &hellip; <a href=\"https:\/\/corecon-pi.org.br\/transparencia\/passagens-e-diarias-2022\/\" class=\"more-link\">Continue reading <span class=\"screen-reader-text\">Passagens e Di\u00e1rias 2022<\/span><\/a><\/p>\n","protected":false},"author":2,"featured_media":0,"parent":0,"menu_order":0,"comment_status":"closed","ping_status":"closed","template":"","meta":{"footnotes":""},"class_list":["post-442","page","type-page","status-publish","hentry"],"_links":{"self":[{"href":"https:\/\/corecon-pi.org.br\/transparencia\/wp-json\/wp\/v2\/pages\/442","targetHints":{"allow":["GET"]}}],"collection":[{"href":"https:\/\/corecon-pi.org.br\/transparencia\/wp-json\/wp\/v2\/pages"}],"about":[{"href":"https:\/\/corecon-pi.org.br\/transparencia\/wp-json\/wp\/v2\/types\/page"}],"author":[{"embeddable":true,"href":"https:\/\/corecon-pi.org.br\/transparencia\/wp-json\/wp\/v2\/users\/2"}],"replies":[{"embeddable":true,"href":"https:\/\/corecon-pi.org.br\/transparencia\/wp-json\/wp\/v2\/comments?post=442"}],"version-history":[{"count":3,"href":"https:\/\/corecon-pi.org.br\/transparencia\/wp-json\/wp\/v2\/pages\/442\/revisions"}],"predecessor-version":[{"id":643,"href":"https:\/\/corecon-pi.org.br\/transparencia\/wp-json\/wp\/v2\/pages\/442\/revisions\/643"}],"wp:attachment":[{"href":"https:\/\/corecon-pi.org.br\/transparencia\/wp-json\/wp\/v2\/media?parent=442"}],"curies":[{"name":"wp","href":"https:\/\/api.w.org\/{rel}","templated":true}]}}