{"id":35,"date":"2017-09-27T11:21:38","date_gmt":"2017-09-27T14:21:38","guid":{"rendered":"http:\/\/corecon-pi.org.br\/transparencia\/?page_id=35"},"modified":"2023-06-17T14:25:20","modified_gmt":"2023-06-17T17:25:20","slug":"orcamento","status":"publish","type":"page","link":"https:\/\/corecon-pi.org.br\/transparencia\/orcamento\/","title":{"rendered":"Or\u00e7amento"},"content":{"rendered":"<p><strong>2023<\/strong><br \/>\n<a href=\"..\/wp-content\/uploads\/docs\/balancetes\/2023\/po.pdf\" target=\"_blank\" rel=\"noopener noreferrer\">Proposta Or\u00e7ament\u00e1ria<\/a><\/p>\n<p><strong>2022<\/strong><br \/>\n<a href=\"..\/wp-content\/uploads\/docs\/balancetes\/2022\/po.pdf\" target=\"_blank\" rel=\"noopener noreferrer\">Proposta Or\u00e7ament\u00e1ria<\/a><\/p>\n<p><strong>2021<\/strong><br \/>\n<a href=\"..\/wp-content\/uploads\/docs\/balancetes\/2021\/po.pdf\" target=\"_blank\" rel=\"noopener noreferrer\">Proposta Or\u00e7ament\u00e1ria<\/a><\/p>\n<p><strong>2020<\/strong><br \/>\n<a href=\"..\/wp-content\/uploads\/docs\/balancetes\/2020\/po.pdf\" target=\"_blank\" rel=\"noopener noreferrer\">Proposta Or\u00e7ament\u00e1ria<\/a><br \/>\n<a href=\"..\/wp-content\/uploads\/docs\/balancetes\/2020\/relContCOFECON.pdf\" target=\"_blank\" rel=\"noopener noreferrer\">Relat\u00f3rio Cont\u00e1bil do Cofecon<\/a><\/p>\n<p><strong>2019<\/strong><br \/>\n<a href=\"..\/wp-content\/uploads\/docs\/balancetes\/2019\/po.pdf\" target=\"_blank\" rel=\"noopener noreferrer\">Proposta Or\u00e7ament\u00e1ria<\/a><br \/>\n<a href=\"..\/wp-content\/uploads\/docs\/balancetes\/2019\/PLANOTRABALHO.pdf\" target=\"_blank\" rel=\"noopener noreferrer\">Plano de Trabalho<\/a><\/p>\n<p><strong>2018<\/strong><br \/>\n<a href=\"..\/wp-content\/uploads\/docs\/balancetes\/2018\/po.pdf\" target=\"_blank\" rel=\"noopener noreferrer\">Proposta Or\u00e7ament\u00e1ria<\/a><\/p>\n<p><strong>2017<\/strong><br \/>\n<a href=\"..\/wp-content\/uploads\/docs\/balancetes\/2017\/po.pdf\" target=\"_blank\" rel=\"noopener noreferrer\">Proposta Or\u00e7ament\u00e1ria<\/a><\/p>\n<p><strong>2016<\/strong><br \/>\n<a href=\"..\/wp-content\/uploads\/docs\/balancetes\/2016\/po.pdf\" target=\"_blank\" rel=\"noopener noreferrer\">Proposta Or\u00e7ament\u00e1ria<\/a><\/p>\n<p><strong>2015<\/strong><br \/>\n<a href=\"..\/wp-content\/uploads\/docs\/balancetes\/2015\/po.pdf\" target=\"_blank\" rel=\"noopener noreferrer\">Proposta Or\u00e7ament\u00e1ria<\/a><\/p>\n","protected":false},"excerpt":{"rendered":"<p>2023 Proposta Or\u00e7ament\u00e1ria 2022 Proposta Or\u00e7ament\u00e1ria 2021 Proposta Or\u00e7ament\u00e1ria 2020 Proposta Or\u00e7ament\u00e1ria Relat\u00f3rio Cont\u00e1bil do Cofecon 2019 Proposta Or\u00e7ament\u00e1ria Plano de Trabalho 2018 Proposta Or\u00e7ament\u00e1ria 2017 Proposta Or\u00e7ament\u00e1ria 2016 Proposta Or\u00e7ament\u00e1ria 2015 Proposta Or\u00e7ament\u00e1ria<\/p>\n","protected":false},"author":2,"featured_media":0,"parent":0,"menu_order":0,"comment_status":"closed","ping_status":"closed","template":"","meta":{"footnotes":""},"class_list":["post-35","page","type-page","status-publish","hentry"],"_links":{"self":[{"href":"https:\/\/corecon-pi.org.br\/transparencia\/wp-json\/wp\/v2\/pages\/35","targetHints":{"allow":["GET"]}}],"collection":[{"href":"https:\/\/corecon-pi.org.br\/transparencia\/wp-json\/wp\/v2\/pages"}],"about":[{"href":"https:\/\/corecon-pi.org.br\/transparencia\/wp-json\/wp\/v2\/types\/page"}],"author":[{"embeddable":true,"href":"https:\/\/corecon-pi.org.br\/transparencia\/wp-json\/wp\/v2\/users\/2"}],"replies":[{"embeddable":true,"href":"https:\/\/corecon-pi.org.br\/transparencia\/wp-json\/wp\/v2\/comments?post=35"}],"version-history":[{"count":9,"href":"https:\/\/corecon-pi.org.br\/transparencia\/wp-json\/wp\/v2\/pages\/35\/revisions"}],"predecessor-version":[{"id":633,"href":"https:\/\/corecon-pi.org.br\/transparencia\/wp-json\/wp\/v2\/pages\/35\/revisions\/633"}],"wp:attachment":[{"href":"https:\/\/corecon-pi.org.br\/transparencia\/wp-json\/wp\/v2\/media?parent=35"}],"curies":[{"name":"wp","href":"https:\/\/api.w.org\/{rel}","templated":true}]}}