{"id":306,"date":"2021-05-13T20:19:22","date_gmt":"2021-05-13T23:19:22","guid":{"rendered":"https:\/\/corecon-pi.org.br\/transparencia\/?page_id=306"},"modified":"2021-05-13T20:22:20","modified_gmt":"2021-05-13T23:22:20","slug":"editais-e-resultados-2018","status":"publish","type":"page","link":"https:\/\/corecon-pi.org.br\/transparencia\/editais-e-resultados-2018\/","title":{"rendered":"Editais e Resultados 2018"},"content":{"rendered":"<p><strong>OBJETO:<\/strong> COMPRA DE UM AR CONDICIONADO 12.000 BTUS<\/p>\n<p><strong>MODALILDADE<\/strong>: CONVITE (ART. 23, II, A, DA LEI N\u00ba. 8.666\/63, ATUALIZADA PELO DECRETO N\u00b0. 9.412\/2018)<\/p>\n<p><strong>AVISO<\/strong>: O CORECON- PI \u00e9 uma entidade qualificada como autarquia federal, e como tal, est\u00e1 sujeita \u00e0 obrigatoriedade de realizar o devido procedimento licitat\u00f3rio para a aquisi\u00e7\u00e3o de bens e servi\u00e7os dos quais necessitar, consoante estabelece o art. 37, XXI da CRFB e a Lei n\u00ba 8.666\/93.<\/p>\n<p>O produto ser\u00e1 adquirido de acordo com resumo da <a href=\"\/transparencia\/wp-content\/uploads\/docs\/licitacoes\/editais-resultados\/2018\/01.pdf\" target=\"_blank\" rel=\"noopener\">COLETA DE COTA\u00c7\u00c3O DE PRE\u00c7OS<\/a>, elaborado pela Comiss\u00e3o de Licita\u00e7\u00e3o do CORECON\/PI.<\/p>\n<p><strong>RESULTADO <\/strong>em 15\/02\/2018, empresa vencedora <strong>LILIANI M\u00d3VEIS E ELETRODOM\u00c9STICOS<\/strong><\/p>\n","protected":false},"excerpt":{"rendered":"<p>OBJETO: COMPRA DE UM AR CONDICIONADO 12.000 BTUS MODALILDADE: CONVITE (ART. 23, II, A, DA LEI N\u00ba. 8.666\/63, ATUALIZADA PELO DECRETO N\u00b0. 9.412\/2018) AVISO: O CORECON- PI \u00e9 uma entidade qualificada como autarquia federal, e como tal, est\u00e1 sujeita \u00e0 obrigatoriedade de realizar o devido procedimento licitat\u00f3rio para a aquisi\u00e7\u00e3o de bens e servi\u00e7os dos &hellip; <a href=\"https:\/\/corecon-pi.org.br\/transparencia\/editais-e-resultados-2018\/\" class=\"more-link\">Continue reading <span class=\"screen-reader-text\">Editais e Resultados 2018<\/span><\/a><\/p>\n","protected":false},"author":2,"featured_media":0,"parent":0,"menu_order":0,"comment_status":"closed","ping_status":"closed","template":"","meta":{"footnotes":""},"class_list":["post-306","page","type-page","status-publish","hentry"],"_links":{"self":[{"href":"https:\/\/corecon-pi.org.br\/transparencia\/wp-json\/wp\/v2\/pages\/306","targetHints":{"allow":["GET"]}}],"collection":[{"href":"https:\/\/corecon-pi.org.br\/transparencia\/wp-json\/wp\/v2\/pages"}],"about":[{"href":"https:\/\/corecon-pi.org.br\/transparencia\/wp-json\/wp\/v2\/types\/page"}],"author":[{"embeddable":true,"href":"https:\/\/corecon-pi.org.br\/transparencia\/wp-json\/wp\/v2\/users\/2"}],"replies":[{"embeddable":true,"href":"https:\/\/corecon-pi.org.br\/transparencia\/wp-json\/wp\/v2\/comments?post=306"}],"version-history":[{"count":4,"href":"https:\/\/corecon-pi.org.br\/transparencia\/wp-json\/wp\/v2\/pages\/306\/revisions"}],"predecessor-version":[{"id":310,"href":"https:\/\/corecon-pi.org.br\/transparencia\/wp-json\/wp\/v2\/pages\/306\/revisions\/310"}],"wp:attachment":[{"href":"https:\/\/corecon-pi.org.br\/transparencia\/wp-json\/wp\/v2\/media?parent=306"}],"curies":[{"name":"wp","href":"https:\/\/api.w.org\/{rel}","templated":true}]}}