{"id":287,"date":"2021-05-12T23:15:50","date_gmt":"2021-05-13T02:15:50","guid":{"rendered":"https:\/\/corecon-pi.org.br\/transparencia\/?page_id=287"},"modified":"2021-05-12T23:15:50","modified_gmt":"2021-05-13T02:15:50","slug":"passagens-e-diarias-2017","status":"publish","type":"page","link":"https:\/\/corecon-pi.org.br\/transparencia\/passagens-e-diarias-2017\/","title":{"rendered":"Passagens e Di\u00e1rias 2017"},"content":{"rendered":"<div style=\"overflow-x: auto;\">\n<table>\n<tbody>\n<tr>\n<td width=\"113\"><strong>PROPOSTO<\/strong><\/td>\n<td width=\"123\"><strong>CARGO\/FUN\u00c7\u00c3O<\/strong><\/td>\n<td width=\"110\"><strong>PERIODO DA VIAGEM<\/strong><\/td>\n<td width=\"131\"><strong>ORIGEM\/DESTINO<\/strong><\/td>\n<td width=\"109\"><strong>N\u00ba. DE DI\u00c1RIAS<\/strong><\/td>\n<td width=\"107\"><strong>VALOR TOTAL R$<\/strong><\/td>\n<td width=\"139\"><strong>MOTIVO<\/strong><\/td>\n<td width=\"116\"><strong>MEIO DE TRANSPORTE<\/strong><\/td>\n<\/tr>\n<tr>\n<td width=\"113\">Teresinha de Jesus Ferreira da Silva<\/td>\n<td width=\"123\">&nbsp;<\/p>\n<p>Presidente<\/td>\n<td width=\"110\">&nbsp;<\/p>\n<p>24 e 25\/03\/2017<\/td>\n<td width=\"131\">&nbsp;<\/p>\n<p>THE\/BSB\/THE<\/td>\n<td width=\"109\">&nbsp;<\/p>\n<p>01 e meia<\/td>\n<td width=\"107\">&nbsp;<\/p>\n<p>600,00<\/td>\n<td width=\"139\">Participa\u00e7\u00e3o da 677\u00aa Sess\u00e3o Plen\u00e1ria do COFECON<\/td>\n<td width=\"116\">&nbsp;<\/p>\n<p>A\u00e9reo<\/td>\n<\/tr>\n<tr>\n<td width=\"113\">Teresinha de Jesus Ferreira da Silva<\/td>\n<td width=\"123\">&nbsp;<\/p>\n<p>Presidente<\/td>\n<td width=\"110\">&nbsp;<\/p>\n<p>12\/04\/2017<\/td>\n<td width=\"131\">&nbsp;<\/p>\n<p>THE\/BSB\/THE<\/td>\n<td width=\"109\">&nbsp;<\/p>\n<p>01 e meia<\/td>\n<td width=\"107\">&nbsp;<\/p>\n<p>375,00<\/td>\n<td width=\"139\">Proferir palestra com o tema \u201cLegisla\u00e7\u00e3o e \u00c9tica Profissional\u201d, na UFPI, campus de PHB<\/td>\n<td width=\"116\">&nbsp;<\/p>\n<p>Terrestre<\/td>\n<\/tr>\n<tr>\n<td width=\"113\">Teresinha de Jesus Ferreira da Silva<\/td>\n<td width=\"123\">&nbsp;<\/p>\n<p>Presidente<\/td>\n<td width=\"110\">&nbsp;<\/p>\n<p>24 a 26\/05\/2017<\/td>\n<td width=\"131\">&nbsp;<\/p>\n<p>THE\/REC\/THE<\/td>\n<td width=\"109\">&nbsp;<\/p>\n<p>03<\/td>\n<td width=\"107\">&nbsp;<\/p>\n<p>1.200,00<\/td>\n<td width=\"139\">&nbsp;<\/p>\n<p>XXIX ENE<\/td>\n<td width=\"116\">&nbsp;<\/p>\n<p>A\u00e9reo<\/td>\n<\/tr>\n<tr>\n<td width=\"113\">Maria do Esp\u00edrito Santo G. de Oliveira Silva<\/td>\n<td width=\"123\">Secret\u00e1ria Executiva<\/td>\n<td width=\"110\">&nbsp;<\/p>\n<p>24 a 26\/05\/2017<\/td>\n<td width=\"131\">&nbsp;<\/p>\n<p>THE\/REC\/THE<\/td>\n<td width=\"109\">&nbsp;<\/p>\n<p>01 e meia<\/td>\n<td width=\"107\">&nbsp;<\/p>\n<p>600,00<\/td>\n<td width=\"139\">Encontro de Funcion\u00e1rios Sistema COFECON\/CORECON durante o XXIX ENE<\/td>\n<td width=\"116\">&nbsp;<\/p>\n<p>A\u00e9reo<\/td>\n<\/tr>\n<tr>\n<td width=\"113\">Teresinha de Jesus Ferreira da Silva<\/td>\n<td width=\"123\">&nbsp;<\/p>\n<p>Presidente<\/td>\n<td width=\"110\">&nbsp;<\/p>\n<p>16 e 17\/06\/2017<\/td>\n<td width=\"131\">&nbsp;<\/p>\n<p>THE\/PBH\/THE<\/td>\n<td width=\"109\">&nbsp;<\/p>\n<p>02<\/td>\n<td width=\"107\">&nbsp;<\/p>\n<p>400,00<\/td>\n<td width=\"139\">&nbsp;<\/p>\n<p>Realiza\u00e7\u00e3o na Gincana Piauiense de Economia 2017<\/td>\n<td width=\"116\">&nbsp;<\/p>\n<p>Terrestre<\/td>\n<\/tr>\n<\/tbody>\n<\/table>\n<\/div>\n","protected":false},"excerpt":{"rendered":"<p>PROPOSTO CARGO\/FUN\u00c7\u00c3O PERIODO DA VIAGEM ORIGEM\/DESTINO N\u00ba. DE DI\u00c1RIAS VALOR TOTAL R$ MOTIVO MEIO DE TRANSPORTE Teresinha de Jesus Ferreira da Silva &nbsp; Presidente &nbsp; 24 e 25\/03\/2017 &nbsp; THE\/BSB\/THE &nbsp; 01 e meia &nbsp; 600,00 Participa\u00e7\u00e3o da 677\u00aa Sess\u00e3o Plen\u00e1ria do COFECON &nbsp; A\u00e9reo Teresinha de Jesus Ferreira da Silva &nbsp; Presidente &nbsp; 12\/04\/2017 &hellip; <a href=\"https:\/\/corecon-pi.org.br\/transparencia\/passagens-e-diarias-2017\/\" class=\"more-link\">Continue reading <span class=\"screen-reader-text\">Passagens e Di\u00e1rias 2017<\/span><\/a><\/p>\n","protected":false},"author":2,"featured_media":0,"parent":0,"menu_order":0,"comment_status":"closed","ping_status":"closed","template":"","meta":{"footnotes":""},"class_list":["post-287","page","type-page","status-publish","hentry"],"_links":{"self":[{"href":"https:\/\/corecon-pi.org.br\/transparencia\/wp-json\/wp\/v2\/pages\/287","targetHints":{"allow":["GET"]}}],"collection":[{"href":"https:\/\/corecon-pi.org.br\/transparencia\/wp-json\/wp\/v2\/pages"}],"about":[{"href":"https:\/\/corecon-pi.org.br\/transparencia\/wp-json\/wp\/v2\/types\/page"}],"author":[{"embeddable":true,"href":"https:\/\/corecon-pi.org.br\/transparencia\/wp-json\/wp\/v2\/users\/2"}],"replies":[{"embeddable":true,"href":"https:\/\/corecon-pi.org.br\/transparencia\/wp-json\/wp\/v2\/comments?post=287"}],"version-history":[{"count":1,"href":"https:\/\/corecon-pi.org.br\/transparencia\/wp-json\/wp\/v2\/pages\/287\/revisions"}],"predecessor-version":[{"id":288,"href":"https:\/\/corecon-pi.org.br\/transparencia\/wp-json\/wp\/v2\/pages\/287\/revisions\/288"}],"wp:attachment":[{"href":"https:\/\/corecon-pi.org.br\/transparencia\/wp-json\/wp\/v2\/media?parent=287"}],"curies":[{"name":"wp","href":"https:\/\/api.w.org\/{rel}","templated":true}]}}