{"id":276,"date":"2021-05-12T23:06:04","date_gmt":"2021-05-13T02:06:04","guid":{"rendered":"https:\/\/corecon-pi.org.br\/transparencia\/?page_id=276"},"modified":"2021-05-12T23:08:56","modified_gmt":"2021-05-13T02:08:56","slug":"passagens-e-diarias-2020","status":"publish","type":"page","link":"https:\/\/corecon-pi.org.br\/transparencia\/passagens-e-diarias-2020\/","title":{"rendered":"Passagens e Di\u00e1rias 2020"},"content":{"rendered":"<div style=\"overflow-x: auto;\">\n<table class=\" aligncenter\">\n<tbody>\n<tr>\n<td><strong>PROPOSTO<\/strong><\/td>\n<td><strong>CARGO\/FUN\u00c7\u00c3O<\/strong><\/td>\n<td><strong>PERIODO DA VIAGEM<\/strong><\/td>\n<td><strong>ORIGEM\/DESTINO<\/strong><\/td>\n<td><strong>N\u00ba. DE DI\u00c1RIAS<\/strong><\/td>\n<td><strong>VALOR TOTAL R$<\/strong><\/td>\n<td><strong>MOTIVO<\/strong><\/td>\n<td><strong>MEIO DE TRANSPORTE<\/strong><\/td>\n<\/tr>\n<tr>\n<td>Dorgilan Rodrigues da Cruz<\/td>\n<td>&nbsp;<\/p>\n<p>Presidente<\/td>\n<td>&nbsp;<\/p>\n<p>30 e 31\/01\/2020<\/td>\n<td>&nbsp;<\/p>\n<p>THE\/BSB\/THE<\/td>\n<td>&nbsp;<\/p>\n<p>01<\/td>\n<td>&nbsp;<\/p>\n<p>400,00<\/td>\n<td>Participar do F\u00f3rum dos Presidentes dos Conselhos Regionais de Economia, e Participar do 695\u00aa Sess\u00e3o Plen\u00e1ria Ordin\u00e1ria Ampliada do Cofecon<\/td>\n<td>&nbsp;<\/p>\n<p>&nbsp;<\/p>\n<p>&nbsp;<\/p>\n<p>A\u00e9reo<\/td>\n<\/tr>\n<\/tbody>\n<\/table>\n<\/div>\n","protected":false},"excerpt":{"rendered":"<p>PROPOSTO CARGO\/FUN\u00c7\u00c3O PERIODO DA VIAGEM ORIGEM\/DESTINO N\u00ba. DE DI\u00c1RIAS VALOR TOTAL R$ MOTIVO MEIO DE TRANSPORTE Dorgilan Rodrigues da Cruz &nbsp; Presidente &nbsp; 30 e 31\/01\/2020 &nbsp; THE\/BSB\/THE &nbsp; 01 &nbsp; 400,00 Participar do F\u00f3rum dos Presidentes dos Conselhos Regionais de Economia, e Participar do 695\u00aa Sess\u00e3o Plen\u00e1ria Ordin\u00e1ria Ampliada do Cofecon &nbsp; &nbsp; &nbsp; &hellip; <a href=\"https:\/\/corecon-pi.org.br\/transparencia\/passagens-e-diarias-2020\/\" class=\"more-link\">Continue reading <span class=\"screen-reader-text\">Passagens e Di\u00e1rias 2020<\/span><\/a><\/p>\n","protected":false},"author":2,"featured_media":0,"parent":0,"menu_order":0,"comment_status":"closed","ping_status":"closed","template":"","meta":{"footnotes":""},"class_list":["post-276","page","type-page","status-publish","hentry"],"_links":{"self":[{"href":"https:\/\/corecon-pi.org.br\/transparencia\/wp-json\/wp\/v2\/pages\/276","targetHints":{"allow":["GET"]}}],"collection":[{"href":"https:\/\/corecon-pi.org.br\/transparencia\/wp-json\/wp\/v2\/pages"}],"about":[{"href":"https:\/\/corecon-pi.org.br\/transparencia\/wp-json\/wp\/v2\/types\/page"}],"author":[{"embeddable":true,"href":"https:\/\/corecon-pi.org.br\/transparencia\/wp-json\/wp\/v2\/users\/2"}],"replies":[{"embeddable":true,"href":"https:\/\/corecon-pi.org.br\/transparencia\/wp-json\/wp\/v2\/comments?post=276"}],"version-history":[{"count":3,"href":"https:\/\/corecon-pi.org.br\/transparencia\/wp-json\/wp\/v2\/pages\/276\/revisions"}],"predecessor-version":[{"id":279,"href":"https:\/\/corecon-pi.org.br\/transparencia\/wp-json\/wp\/v2\/pages\/276\/revisions\/279"}],"wp:attachment":[{"href":"https:\/\/corecon-pi.org.br\/transparencia\/wp-json\/wp\/v2\/media?parent=276"}],"curies":[{"name":"wp","href":"https:\/\/api.w.org\/{rel}","templated":true}]}}