{"id":201,"date":"2020-12-19T11:47:40","date_gmt":"2020-12-19T14:47:40","guid":{"rendered":"https:\/\/corecon-pi.org.br\/transparencia\/?page_id=201"},"modified":"2020-12-19T11:47:40","modified_gmt":"2020-12-19T14:47:40","slug":"portarias-2011","status":"publish","type":"page","link":"https:\/\/corecon-pi.org.br\/transparencia\/atos-normativos\/portarias-2011\/","title":{"rendered":"Portarias 2011"},"content":{"rendered":"<div align=\"right\"><a type=\"button\" class=\"btn btn-primary btn-lg\" href=\"atos-normativos\">Voltar<\/a><\/div>\n<p><\/p>\n<table style=\"width: 100%;\" border=\"0\" align=\"center\">\n<tbody>\n<tr style=\"height: 70px;\">\n<th style=\"background-color: #333399; color: #ffffff; height: 70px; text-align: center;\">\n<p align=\"center\"><strong>PORTARIAS<\/strong><\/p>\n<\/th>\n<\/tr>\n<tr style=\"height: 486px;\">\n<td style=\"height: 486px; background-color: #f5f5f5; vertical-align: text-top;\">\n<p align=\"center\"><span style=\"color: #008080;\"><strong>2011<\/strong><\/span><\/p>\n<table style=\"height: 626px;\">\n<tbody>\n<tr>\n<td style=\"width: 70px;\"><strong><span style=\"color: #666699;\">N\u00b0<\/span><\/strong><\/td>\n<td><span style=\"color: #666699;\"><strong>Descri\u00e7\u00e3o<\/strong><\/span><\/td>\n<\/tr>\n<tr>\n<td>001<\/td>\n<td><a href=\"..\/..\/wp-content\/uploads\/docs\/portarias\/2011\/Port2011001.pdf\" target=\"_blank\" rel=\"noopener noreferrer\">Designa tesoureira.<\/a><\/td>\n<\/tr>\n<tr>\n<td>002<\/td>\n<td><a href=\"..\/..\/wp-content\/uploads\/docs\/portarias\/2011\/Port2011002.pdf\" target=\"_blank\" rel=\"noopener noreferrer\">Aprova o deferimento do pedido de cancelamento de registro.<\/a><\/td>\n<\/tr>\n<tr>\n<td>003<\/td>\n<td><a href=\"..\/..\/wp-content\/uploads\/docs\/portarias\/2011\/Port2011003.pdf\" target=\"_blank\" rel=\"noopener noreferrer\">Aprova o deferimento do pedido de cancelamento de registro.<\/a><\/td>\n<\/tr>\n<tr>\n<td>004<\/td>\n<td><a href=\"..\/..\/wp-content\/uploads\/docs\/portarias\/2011\/Port2011004.pdf\" target=\"_blank\" rel=\"noopener noreferrer\">Constitui e Nomeia a Comiss\u00e3o de<br \/>\nTomada de Contas \u2013 CTC, exerc\u00edcio 2011.<\/a><\/td>\n<\/tr>\n<tr>\n<td>005<\/td>\n<td><a href=\"..\/..\/wp-content\/uploads\/docs\/portarias\/2011\/Port2011005.pdf\" target=\"_blank\" rel=\"noopener noreferrer\">Constitui e Nomeia a Comiss\u00e3o de<br \/>\nLicita\u00e7\u00e3o, exerc\u00edcio 2011.<\/a><\/td>\n<\/tr>\n<tr>\n<td>006<\/td>\n<td><a href=\"..\/..\/wp-content\/uploads\/docs\/portarias\/2011\/Port2011006.pdf\" target=\"_blank\" rel=\"noopener noreferrer\">Constitui e Nomeia a Comiss\u00e3o de Fiscaliza\u00e7\u00e3o, exerc\u00edcio 2011.<\/a><\/td>\n<\/tr>\n<tr>\n<td>007<\/td>\n<td><a href=\"..\/..\/wp-content\/uploads\/docs\/portarias\/2011\/Port2011007.pdf\" target=\"_blank\" rel=\"noopener noreferrer\">Constitui e Nomeia a Comiss\u00e3o de Eventos, exerc\u00edcio 2011.<\/a><\/td>\n<\/tr>\n<tr>\n<td>008<\/td>\n<td><a href=\"..\/..\/wp-content\/uploads\/docs\/portarias\/2011\/Port2011008.pdf\" target=\"_blank\" rel=\"noopener noreferrer\">Nomeia a Comiss\u00e3o de Normas e Legisla\u00e7\u00e3o.<\/a><\/td>\n<\/tr>\n<tr>\n<td>009<\/td>\n<td><a href=\"..\/..\/wp-content\/uploads\/docs\/portarias\/2011\/Port2011009.pdf\" target=\"_blank\" rel=\"noopener noreferrer\">Constitui e Nomeia a Comiss\u00e3o de<br \/>\nComunica\u00e7\u00e3o, exerc\u00edcio 2011.<\/a><\/td>\n<\/tr>\n<tr>\n<td>010<\/td>\n<td><a href=\"..\/..\/wp-content\/uploads\/docs\/portarias\/2011\/Port2011010.pdf\" target=\"_blank\" rel=\"noopener noreferrer\">Constitui e Nomeia a Comiss\u00e3o de Valoriza\u00e7\u00e3o Profissional, exerc\u00edcio 2011.<\/a><\/td>\n<\/tr>\n<tr>\n<td>011<\/td>\n<td><a href=\"..\/..\/wp-content\/uploads\/docs\/portarias\/2011\/Port2011011.pdf\" target=\"_blank\" rel=\"noopener noreferrer\">Homologa a convoca\u00e7\u00e3o de todos os conselheiros Efetivos e Suplentes, para participarem das reuni\u00f5es plen\u00e1rias do Corecon-PI.<\/a><\/td>\n<\/tr>\n<tr>\n<td>012<\/td>\n<td><a href=\"..\/..\/wp-content\/uploads\/docs\/portarias\/2011\/Port2011012.pdf\" target=\"_blank\" rel=\"noopener noreferrer\">Altera o valor da taxa de Expedi\u00e7\u00e3o de 2\u00aa Via e Substitui\u00e7\u00e3o de Carteira Profissional de Economista.<\/a><\/td>\n<\/tr>\n<tr>\n<td>013<\/td>\n<td><a href=\"..\/..\/wp-content\/uploads\/docs\/portarias\/2011\/Port2011013.pdf\" target=\"_blank\" rel=\"noopener noreferrer\">Aprova o deferimento do pedido de cancelamento de registro do Economista.<\/a><\/td>\n<\/tr>\n<tr>\n<td>014<\/td>\n<td><a href=\"..\/..\/wp-content\/uploads\/docs\/portarias\/2011\/Port2011014.pdf\" target=\"_blank\" rel=\"noopener noreferrer\">Nomeia Comiss\u00e3o para Desfazimento de Materiais e Equipamentos Inserv\u00edveis.<\/a><\/td>\n<\/tr>\n<tr>\n<td>015<\/td>\n<td><a href=\"..\/..\/wp-content\/uploads\/docs\/portarias\/2011\/Port2011015.pdf\" target=\"_blank\" rel=\"noopener noreferrer\">Aprova o deferimento do pedido de cancelamento de registro.<\/a><\/td>\n<\/tr>\n<tr>\n<td>016<\/td>\n<td><a href=\"..\/..\/wp-content\/uploads\/docs\/portarias\/2011\/Port2011016.pdf\" target=\"_blank\" rel=\"noopener noreferrer\">Convoca membros da CTC para reuni\u00e3o.<\/a><\/td>\n<\/tr>\n<tr>\n<td>017<\/td>\n<td><a href=\"..\/..\/wp-content\/uploads\/docs\/portarias\/2011\/Port2011017.pdf\" target=\"_blank\" rel=\"noopener noreferrer\">Aprova o deferimento do pedido de cancelamento de registro.<\/a><\/td>\n<\/tr>\n<tr>\n<td>018<\/td>\n<td><a href=\"..\/..\/wp-content\/uploads\/docs\/portarias\/2011\/Port2011018.pdf\" target=\"_blank\" rel=\"noopener noreferrer\">Aprova o indeferimento do pedido de cancelamento de registro da Economista.<\/a><\/td>\n<\/tr>\n<tr>\n<td>019<\/td>\n<td><a href=\"..\/..\/wp-content\/uploads\/docs\/portarias\/2011\/Port2011019.pdf\" target=\"_blank\" rel=\"noopener noreferrer\">Nomeia os membros suplentes da Comiss\u00e3o de Tomada de Contas.<\/a><\/td>\n<\/tr>\n<tr>\n<td>020<\/td>\n<td><a href=\"..\/..\/wp-content\/uploads\/docs\/portarias\/2011\/Port2011020.pdf\" target=\"_blank\" rel=\"noopener noreferrer\">Altera o nome da Comiss\u00e3o de Valoriza\u00e7\u00e3o Profissional para Comiss\u00e3o de Valoriza\u00e7\u00e3o Profissional e Planejamento Estrat\u00e9gico e Nomeia os membros suplentes da mesma.<\/a><\/td>\n<\/tr>\n<tr>\n<td>021<\/td>\n<td><a href=\"..\/..\/wp-content\/uploads\/docs\/portarias\/2011\/Port2011021.pdf\" target=\"_blank\" rel=\"noopener noreferrer\">Aprova o indeferimento dos pedidos de cancelamento de registro.<\/a><\/td>\n<\/tr>\n<tr>\n<td>022<\/td>\n<td><a href=\"..\/..\/wp-content\/uploads\/docs\/portarias\/2011\/Port2011022.pdf\" target=\"_blank\" rel=\"noopener noreferrer\">Homologa o cancelamento de registros.<\/a><\/td>\n<\/tr>\n<tr>\n<td>023<\/td>\n<td><a href=\"..\/..\/wp-content\/uploads\/docs\/portarias\/2011\/Port2011023.pdf\" target=\"_blank\" rel=\"noopener noreferrer\">Homologa a desist\u00eancia do pedido de cancelamento de registro.<\/a><\/td>\n<\/tr>\n<tr>\n<td>024<\/td>\n<td><a href=\"..\/..\/wp-content\/uploads\/docs\/portarias\/2011\/Port2011024.pdf\" target=\"_blank\" rel=\"noopener noreferrer\">Aprova o indeferimento do pedido de cancelamento de registro.<\/a><\/td>\n<\/tr>\n<tr>\n<td>025<\/td>\n<td><a href=\"..\/..\/wp-content\/uploads\/docs\/portarias\/2011\/Port2011025.pdf\" target=\"_blank\" rel=\"noopener noreferrer\">Aprova o deferimento do pedido de cancelamento de registro.<\/a><\/td>\n<\/tr>\n<tr>\n<td>026<\/td>\n<td><a href=\"..\/..\/wp-content\/uploads\/docs\/portarias\/2011\/Port2011026.pdf\" target=\"_blank\" rel=\"noopener noreferrer\">Aprova o deferimento do pedido de cancelamento de registro.<\/a><\/td>\n<\/tr>\n<tr>\n<td>027<\/td>\n<td><a href=\"..\/..\/wp-content\/uploads\/docs\/portarias\/2011\/Port2011027.pdf\" target=\"_blank\" rel=\"noopener noreferrer\">Aprova o deferimento do pedido de cancelamento de registro.<\/a><\/td>\n<\/tr>\n<tr>\n<td>028<\/td>\n<td><a href=\"..\/..\/wp-content\/uploads\/docs\/portarias\/2011\/Port2011028.pdf\" target=\"_blank\" rel=\"noopener noreferrer\">Disp\u00f5e sobre a designa\u00e7\u00e3o da Conselheira Linda Maria Pessoa Felinto, Reg. 214, observando os dispositivos legais, para assumir interinamente a Presid\u00eancia do CORECON\/PI.<\/a><\/td>\n<\/tr>\n<\/tbody>\n<\/table>\n<\/td>\n<\/tr>\n<\/tbody>\n<\/table>\n","protected":false},"excerpt":{"rendered":"<p>Voltar PORTARIAS 2011 N\u00b0 Descri\u00e7\u00e3o 001 Designa tesoureira. 002 Aprova o deferimento do pedido de cancelamento de registro. 003 Aprova o deferimento do pedido de cancelamento de registro. 004 Constitui e Nomeia a Comiss\u00e3o de Tomada de Contas \u2013 CTC, exerc\u00edcio 2011. 005 Constitui e Nomeia a Comiss\u00e3o de Licita\u00e7\u00e3o, exerc\u00edcio 2011. 006 Constitui e &hellip; <a href=\"https:\/\/corecon-pi.org.br\/transparencia\/atos-normativos\/portarias-2011\/\" class=\"more-link\">Continue reading <span class=\"screen-reader-text\">Portarias 2011<\/span><\/a><\/p>\n","protected":false},"author":2,"featured_media":0,"parent":47,"menu_order":0,"comment_status":"closed","ping_status":"closed","template":"","meta":{"footnotes":""},"class_list":["post-201","page","type-page","status-publish","hentry"],"_links":{"self":[{"href":"https:\/\/corecon-pi.org.br\/transparencia\/wp-json\/wp\/v2\/pages\/201","targetHints":{"allow":["GET"]}}],"collection":[{"href":"https:\/\/corecon-pi.org.br\/transparencia\/wp-json\/wp\/v2\/pages"}],"about":[{"href":"https:\/\/corecon-pi.org.br\/transparencia\/wp-json\/wp\/v2\/types\/page"}],"author":[{"embeddable":true,"href":"https:\/\/corecon-pi.org.br\/transparencia\/wp-json\/wp\/v2\/users\/2"}],"replies":[{"embeddable":true,"href":"https:\/\/corecon-pi.org.br\/transparencia\/wp-json\/wp\/v2\/comments?post=201"}],"version-history":[{"count":1,"href":"https:\/\/corecon-pi.org.br\/transparencia\/wp-json\/wp\/v2\/pages\/201\/revisions"}],"predecessor-version":[{"id":204,"href":"https:\/\/corecon-pi.org.br\/transparencia\/wp-json\/wp\/v2\/pages\/201\/revisions\/204"}],"up":[{"embeddable":true,"href":"https:\/\/corecon-pi.org.br\/transparencia\/wp-json\/wp\/v2\/pages\/47"}],"wp:attachment":[{"href":"https:\/\/corecon-pi.org.br\/transparencia\/wp-json\/wp\/v2\/media?parent=201"}],"curies":[{"name":"wp","href":"https:\/\/api.w.org\/{rel}","templated":true}]}}