{"id":151,"date":"2020-10-11T22:42:24","date_gmt":"2020-10-12T01:42:24","guid":{"rendered":"https:\/\/corecon-pi.org.br\/transparencia\/?page_id=151"},"modified":"2020-10-11T22:42:24","modified_gmt":"2020-10-12T01:42:24","slug":"resolucoes-2019","status":"publish","type":"page","link":"https:\/\/corecon-pi.org.br\/transparencia\/atos-normativos\/resolucoes-2019\/","title":{"rendered":"Resolu\u00e7\u00f5es 2019"},"content":{"rendered":"<p>&nbsp;<\/p>\n<table style=\"width: 100%;\" border=\"0\" align=\"center\">\n<tbody>\n<tr style=\"height: 70px;\">\n<th style=\"background-color: #333399; color: #ffffff; height: 70px; text-align: center;\">\n<p align=\"center\"><strong>RESOLU\u00c7\u00d5ES<\/strong><\/p>\n<\/th>\n<\/tr>\n<tr style=\"height: 486px;\">\n<td style=\"height: 486px; background-color: #f5f5f5; vertical-align: text-top;\">\n<p align=\"center\"><span style=\"color: #008080;\"><strong>2019<\/strong><\/span><\/p>\n<table> <!-- style=\"height: 626px;\" --> <\/p>\n<tbody>\n<tr>\n<td style=\"width: 70px;\"><strong><span style=\"color: #666699;\">N\u00b0<\/span><\/strong><\/td>\n<td><span style=\"color: #666699;\"><strong>Descri\u00e7\u00e3o<\/strong><\/span><\/td>\n<\/tr>\n<tr>\n<td>1<\/td>\n<td><a href=\"..\/..\/wp-content\/uploads\/docs\/resolucoes\/2019\/Res201901.pdf\" target=\"_blank\" rel=\"noopener noreferrer\">Proposta or\u00e7ament\u00e1ria.<\/a><\/td>\n<\/tr>\n<tr>\n<td>2<\/td>\n<td><a href=\"..\/..\/wp-content\/uploads\/docs\/resolucoes\/2019\/Res201902.pdf\" target=\"_blank\" rel=\"noopener noreferrer\">Registro ativo com desconto.<\/a><\/td>\n<\/tr>\n<tr>\n<td>3<\/td>\n<td><a href=\"..\/..\/wp-content\/uploads\/docs\/resolucoes\/2019\/Res201903.pdf\" target=\"_blank\" rel=\"noopener noreferrer\">Registro ativo com desconto.<\/a><\/td>\n<\/tr>\n<tr>\n<td>4<\/td>\n<td><a href=\"..\/..\/wp-content\/uploads\/docs\/resolucoes\/2019\/Res201904.pdf\" target=\"_blank\" rel=\"noopener noreferrer\">Balancete do 1\u00b0 Trimestre.<\/a><\/td>\n<\/tr>\n<tr>\n<td>5<\/td>\n<td><a href=\"..\/..\/wp-content\/uploads\/docs\/resolucoes\/2019\/Res201905.pdf\" target=\"_blank\" rel=\"noopener noreferrer\">Cancelamento de registro.<\/a><\/td>\n<\/tr>\n<tr>\n<td>6<\/td>\n<td><a href=\"..\/..\/wp-content\/uploads\/docs\/resolucoes\/2019\/Res201906.pdf\" target=\"_blank\" rel=\"noopener noreferrer\">Suspens\u00e3o de registro.<\/a><\/td>\n<\/tr>\n<tr>\n<td>7<\/td>\n<td><a href=\"..\/..\/wp-content\/uploads\/docs\/resolucoes\/2019\/Res201907.pdf\" target=\"_blank\" rel=\"noopener noreferrer\">Cancelamento e suspens\u00e3o de registro.<\/a><\/td>\n<\/tr>\n<tr>\n<td>8<\/td>\n<td><a href=\"..\/..\/wp-content\/uploads\/docs\/resolucoes\/2019\/Res201908.pdf\" target=\"_blank\" rel=\"noopener noreferrer\">Registro ativo com desconto.<\/a><\/td>\n<\/tr>\n<tr>\n<td>9<\/td>\n<td><a href=\"..\/..\/wp-content\/uploads\/docs\/resolucoes\/2019\/Res201909.pdf\" target=\"_blank\" rel=\"noopener noreferrer\">Cancelamento de registro.<\/a><\/td>\n<\/tr>\n<tr>\n<td>10<\/td>\n<td><a href=\"..\/..\/wp-content\/uploads\/docs\/resolucoes\/2019\/Res201910.pdf\" target=\"_blank\" rel=\"noopener noreferrer\">Cancelamento de registro.<\/a><\/td>\n<\/tr>\n<tr>\n<td>11<\/td>\n<td><a href=\"..\/..\/wp-content\/uploads\/docs\/resolucoes\/2019\/Res201911.pdf\" target=\"_blank\" rel=\"noopener noreferrer\">Balancete do 1\u00b0 Trimestre.<\/a><\/td>\n<\/tr>\n<tr>\n<td>12<\/td>\n<td><a href=\"..\/..\/wp-content\/uploads\/docs\/resolucoes\/2019\/Res201912.pdf\" target=\"_blank\" rel=\"noopener noreferrer\">Registro ativo com desconto.<\/a><\/td>\n<\/tr>\n<tr>\n<td>13<\/td>\n<td><a href=\"..\/..\/wp-content\/uploads\/docs\/resolucoes\/2019\/Res201913.pdf\" target=\"_blank\" rel=\"noopener noreferrer\">Cancelamento e suspens\u00e3o de registro.<\/a><\/td>\n<\/tr>\n<tr>\n<td>14<\/td>\n<td><a href=\"..\/..\/wp-content\/uploads\/docs\/resolucoes\/2019\/Res201914.pdf\" target=\"_blank\" rel=\"noopener noreferrer\">Registro ativo com desconto.<\/a><\/td>\n<\/tr>\n<tr>\n<td>15<\/td>\n<td><a href=\"..\/..\/wp-content\/uploads\/docs\/resolucoes\/2019\/Res201915.pdf\" target=\"_blank\" rel=\"noopener noreferrer\">Cancelamento de registro.<\/a><\/td>\n<\/tr>\n<tr>\n<td>16<\/td>\n<td><a href=\"..\/..\/wp-content\/uploads\/docs\/resolucoes\/2019\/Res201916.pdf\" target=\"_blank\" rel=\"noopener noreferrer\">Comiss\u00e3o eleitoral.<\/a><\/td>\n<\/tr>\n<tr>\n<td>17<\/td>\n<td><a href=\"..\/..\/wp-content\/uploads\/docs\/resolucoes\/2019\/Res201917.pdf\" target=\"_blank\" rel=\"noopener noreferrer\">Balancete do 2\u00b0 Trimestre.<\/a><\/td>\n<\/tr>\n<tr>\n<td>18<\/td>\n<td><a href=\"..\/..\/wp-content\/uploads\/docs\/resolucoes\/2019\/Res201918.pdf\" target=\"_blank\" rel=\"noopener noreferrer\">Suspens\u00e3o de registro.<\/a><\/td>\n<\/tr>\n<tr>\n<td>19<\/td>\n<td><a href=\"..\/..\/wp-content\/uploads\/docs\/resolucoes\/2019\/Res201919.pdf\" target=\"_blank\" rel=\"noopener noreferrer\">Registro ativo com desconto.<\/a><\/td>\n<\/tr>\n<tr>\n<td>20<\/td>\n<td><a href=\"..\/..\/wp-content\/uploads\/docs\/resolucoes\/2019\/Res201920.pdf\" target=\"_blank\" rel=\"noopener noreferrer\">Suspens\u00e3o de registro.<\/a><\/td>\n<\/tr>\n<tr>\n<td>21<\/td>\n<td><a href=\"..\/..\/wp-content\/uploads\/docs\/resolucoes\/2019\/Res201921.pdf\" target=\"_blank\" rel=\"noopener noreferrer\">Balancete do 3\u00b0 Trimestre.<\/a><\/td>\n<\/tr>\n<tr>\n<td>22<\/td>\n<td><a href=\"..\/..\/wp-content\/uploads\/docs\/resolucoes\/2019\/Res201922.pdf\" target=\"_blank\" rel=\"noopener noreferrer\">Cancelamento e suspens\u00e3o de registro.<\/a><\/td>\n<\/tr>\n<tr>\n<td>23<\/td>\n<td><a href=\"..\/..\/wp-content\/uploads\/docs\/resolucoes\/2019\/Res201923.pdf\" target=\"_blank\" rel=\"noopener noreferrer\">Cancelamento de registro.<\/a><\/td>\n<\/tr>\n<tr>\n<td>24<\/td>\n<td><a href=\"..\/..\/wp-content\/uploads\/docs\/resolucoes\/2019\/Res201924.pdf\" target=\"_blank\" rel=\"noopener noreferrer\">Proposta Or\u00e7ament\u00e1ria de 2020.<\/a><\/td>\n<\/tr>\n<tr>\n<td>25<\/td>\n<td><a href=\"..\/..\/wp-content\/uploads\/docs\/resolucoes\/2019\/Res201925.pdf\" target=\"_blank\" rel=\"noopener noreferrer\">Cancelamento e suspens\u00e3o de registro.<\/a><\/td>\n<\/tr>\n<\/tbody>\n<\/table>\n<\/td>\n<\/tr>\n<\/tbody>\n<\/table>\n","protected":false},"excerpt":{"rendered":"<p>&nbsp; RESOLU\u00c7\u00d5ES 2019 N\u00b0 Descri\u00e7\u00e3o 1 Proposta or\u00e7ament\u00e1ria. 2 Registro ativo com desconto. 3 Registro ativo com desconto. 4 Balancete do 1\u00b0 Trimestre. 5 Cancelamento de registro. 6 Suspens\u00e3o de registro. 7 Cancelamento e suspens\u00e3o de registro. 8 Registro ativo com desconto. 9 Cancelamento de registro. 10 Cancelamento de registro. 11 Balancete do 1\u00b0 Trimestre. &hellip; <a href=\"https:\/\/corecon-pi.org.br\/transparencia\/atos-normativos\/resolucoes-2019\/\" class=\"more-link\">Continue reading <span class=\"screen-reader-text\">Resolu\u00e7\u00f5es 2019<\/span><\/a><\/p>\n","protected":false},"author":2,"featured_media":0,"parent":47,"menu_order":0,"comment_status":"closed","ping_status":"closed","template":"","meta":{"footnotes":""},"class_list":["post-151","page","type-page","status-publish","hentry"],"_links":{"self":[{"href":"https:\/\/corecon-pi.org.br\/transparencia\/wp-json\/wp\/v2\/pages\/151","targetHints":{"allow":["GET"]}}],"collection":[{"href":"https:\/\/corecon-pi.org.br\/transparencia\/wp-json\/wp\/v2\/pages"}],"about":[{"href":"https:\/\/corecon-pi.org.br\/transparencia\/wp-json\/wp\/v2\/types\/page"}],"author":[{"embeddable":true,"href":"https:\/\/corecon-pi.org.br\/transparencia\/wp-json\/wp\/v2\/users\/2"}],"replies":[{"embeddable":true,"href":"https:\/\/corecon-pi.org.br\/transparencia\/wp-json\/wp\/v2\/comments?post=151"}],"version-history":[{"count":1,"href":"https:\/\/corecon-pi.org.br\/transparencia\/wp-json\/wp\/v2\/pages\/151\/revisions"}],"predecessor-version":[{"id":152,"href":"https:\/\/corecon-pi.org.br\/transparencia\/wp-json\/wp\/v2\/pages\/151\/revisions\/152"}],"up":[{"embeddable":true,"href":"https:\/\/corecon-pi.org.br\/transparencia\/wp-json\/wp\/v2\/pages\/47"}],"wp:attachment":[{"href":"https:\/\/corecon-pi.org.br\/transparencia\/wp-json\/wp\/v2\/media?parent=151"}],"curies":[{"name":"wp","href":"https:\/\/api.w.org\/{rel}","templated":true}]}}